*x = 4*x + 5*j - 51. What is the highest common divisor of p and x?
3
Let d(p) = 6 - 23 - 10 + 7*p. Let n be d(6). Calculate the greatest common factor of n and 285.
15
Let j(x) be the first derivative of -x**3/3 + 8*x**2 - 9*x + 34. Let d be j(12). Calculate the highest common divisor of 3 and d.
3
Suppose -18*k + 21*k = 2*w - 107, 56 = w - 4*k. Calculate the highest common divisor of w and 364.
52
Let w be -4 + 16*4/8. Let y be (-1 + -17)*2/w. Let j = y - -21. What is the highest common factor of 96 and j?
12
Let n = 23 + 12. Let o be (-1 - 7)/(-2 + 4). Let k be (-70)/o*(-24)/(-30). Calculate the greatest common divisor of k and n.
7
Let c = -6 - -32. Suppose y + c = 3*y. Suppose -2*o = -a - 21, 2*o + 5*a = -y + 4. Calculate the highest common divisor of o and 8.
8
Suppose 0 = 2*n + 8 - 126. Suppose n = 5*t - 2*x + 3*x, 0 = 2*x + 2. Suppose -5*q + t = -213. Calculate the greatest common divisor of 18 and q.
9
Suppose 1315 = 5*y + 5*a, 17*a = 3*y + 13*a - 810. What is the highest common factor of 28 and y?
14
Let u = 286 - 245. Let b = 182 - 18. Calculate the greatest common divisor of u and b.
41
Suppose 114*t - 862 = -9*t + 368. Let i(p) be the first derivative of p**2/2 + 2*p + 1. Let v be i(2). Calculate the highest common divisor of v and t.
2
Let u(g) = 12*g**3 - 3*g**2 - 3*g + 10. Let f be u(2). What is the greatest common divisor of 11 and f?
11
Let w = 76 + -64. Let f be (2 + w/(-8))/((-3)/(-36)). What is the highest common divisor of 3 and f?
3
Let u(x) = -x**3 - 11*x**2 + 12. Let s be u(-11). Let v = s + -7. Suppose 5*o = 2*o + 3, 2*m - 37 = -v*o. Calculate the greatest common factor of m and 112.
16
Suppose -l - 167 = -0*k - k, -5*k - 3*l = -859. Let t = -193 - -227. What is the greatest common factor of k and t?
34
Let o = -44 + 79. Let z be ((-21)/2)/((-18)/24). Calculate the greatest common factor of z and o.
7
Let o be ((1 - 5) + 22)/(18/99). Calculate the greatest common factor of 231 and o.
33
Suppose 3*u - 10 = b + 97, 4 = -2*b. What is the greatest common factor of u and 1085?
35
Let i be 6 + -8 + (-348)/(-2). What is the highest common divisor of i and 43?
43
Suppose -1256 + 56520 = 16*u. What is the greatest common factor of u and 22?
22
Let o(i) = i**2 - 11*i + 12. Let l be o(9). Let w be ((-84)/(-35))/(l/(-45)). Suppose 3*c - 110 = 52. Calculate the highest common divisor of c and w.
18
Let y(q) = -15*q + 127. Let p be y(8). Calculate the greatest common factor of 224 and p.
7
Let g = -1274 + 1289. What is the greatest common factor of g and 12?
3
Suppose 0 = -8*m + 14*m - 114. Suppose 5*o - 4*l = 170, 5*o - 166 = 2*l + 14. Suppose 0*c - o = -2*c. What is the greatest common divisor of m and c?
19
Let s be 9/12 + (-187)/(-44) + 23. What is the greatest common factor of s and 1036?
28
Let a = -43 - -46. Suppose -3*g = -a*b - 453, 5*g + 3*b = -2*b + 745. Calculate the greatest common divisor of g and 60.
30
Let x(a) = -a - 5. Let h be x(-7). Let r be h*((-729)/(-2))/3. Let c = 0 - -27. What is the greatest common factor of r and c?
27
Suppose 274 = 4*d + d + g, -5*g = -d + 60. Let v be (-5 + 6)*12/(-2). Let w(y) = -3*y + 4. Let c be w(v). Calculate the highest common divisor of d and c.
11
Let o(h) be the first derivative of h**4/4 - h**3/3 - h**2 + 6*h - 7. Let l be o(0). Calculate the highest common divisor of l and 2.
2
Let x be -30*((-4)/18 - 28/63). Let s be 1/4 - 34/8. Let u = x - s. Calculate the greatest common factor of u and 8.
8
Let v be (9/(-4))/(2/(-8)). Suppose v = -6*f + 63. Calculate the greatest common divisor of f and 18.
9
Let a be (380/(-40))/(-2*(-1)/(-4)). Let l be (-4)/2 - (-308)/2. Calculate the highest common divisor of a and l.
19
Let o be (6/18*25 + -7)*192. What is the greatest common divisor of o and 8?
8
Let p(h) = 2*h**3 - 6*h**2 - 4*h - 5. Let m be p(5). Suppose 150 = 5*k + 2*z, -3*k + 2*k + z = -30. What is the greatest common factor of k and m?
15
Let s(m) = -2*m**3 - m + 255. Let y be s(0). What is the greatest common factor of y and 34?
17
Let g(s) = s**2 + s + 10. Let z be g(0). Let k(a) = 2*a**2 + 9*a + 22. Let p be k(-6). What is the greatest common factor of z and p?
10
Suppose -10 = -4*d + 2*d. Suppose -4*j = 7 - 123. Suppose 0 = -d*w + j + 106. What is the greatest common factor of w and 9?
9
Suppose 13*q = -18*q + 558. What is the greatest common divisor of 198 and q?
18
Let m(z) = -3*z**2 - 27*z + 16. Let p be m(-9). What is the greatest common factor of 12 and p?
4
Let t(f) = -f + 5. Let m be t(0). Suppose -m*s + 236 = g, -3*s + 0*s - 5*g = -146. Let y = -33 + s. What is the highest common factor of 154 and y?
14
Suppose q + 146 = 3*c, -c - 2*q + 79 = 42. Calculate the greatest common divisor of c and 282.
47
Let r = -303 + 336. Calculate the highest common divisor of 154 and r.
11
Let f be (-2 - (3 - 3))/((-7)/168). Calculate the highest common factor of 6 and f.
6
Let f(y) = -3*y**2 + 27*y + 28. Let d be f(9). Calculate the greatest common divisor of d and 308.
28
Let l be (-4 + 5 - 26)/((-1)/2). Let v = 240 + -115. What is the highest common factor of l and v?
25
Let b be (-738 - 0)*(-16)/24. Calculate the greatest common factor of b and 24.
12
Let r be (14/(-1))/(6*(-4)/48). Let y = 113 + -29. Calculate the greatest common factor of r and y.
28
Let c(f) = -2 + f**3 - 4*f + 2*f + f**2 - 11 - 2. Let t be c(0). Let y be t/(-2)*18/9. What is the highest common factor of y and 165?
15
Suppose 0 = -5*i - 4*d + 82, 17 = 3*i - d - 22. Let t be 12/42 + 10/i. What is the greatest common divisor of 8 and t?
1
Suppose 2*g = -4*y, -2*y = -0*y + 2*g + 2. Let x be (-60)/16*(-16)/y. What is the highest common divisor of x and 20?
20
Suppose d - 79 - 7 = 0. Suppose d - 26 = 5*k. Suppose -a + 36 = 2*o - 4*a, -2*o = -a - 28. Calculate the highest common factor of k and o.
12
Suppose 0*c - 3*u = 3*c - 6, -3*u = 0. Let a be 2*(c + 6 - -3). What is the highest common divisor of a and 55?
11
Let s = -58 - -102. Suppose -5*q + 25 + 299 = 2*i, 3*i = 5*q - 339. Calculate the greatest common factor of s and q.
22
Suppose 0 = -5*s - 15, 3119 = -24*n + 28*n + 3*s. What is the greatest common divisor of 230 and n?
46
Suppose 0 = 251*z - 258*z + 4312. What is the greatest common factor of 56 and z?
56
Let t be 9855/20 + 2/8. Calculate the highest common divisor of 17 and t.
17
Suppose 0 = 3*b + 2*y + 2*y - 172, 2*b - y = 111. Calculate the highest common factor of b and 72.
8
Let s be 27/6*104/12. Suppose -5*r + 2*r = -s. What is the highest common factor of 13 and r?
13
Let z = 676 - 636. What is the greatest common factor of 8 and z?
8
Suppose 16*k - 78 = 14*k. Let s(p) = p**3 - 8*p**2 + 5*p - 9. Let d be s(9). Calculate the greatest common factor of d and k.
39
Suppose -2*b - u = -0*b - 41, -75 = -4*b + 5*u. Suppose 4*j - q - 562 = 0, j - 4*j + 428 = -4*q. What is the greatest common divisor of j and b?
20
Let r = 429 - 273. Let j be (-24)/r + 158*(-2)/(-26). Calculate the highest common divisor of 54 and j.
6
Suppose -15*j + 3*j = -540. What is the greatest common factor of 10 and j?
5
Let d be (-1)/2*33*(-9 + 3). Let l be 9/4 - (-2)/(-8). Suppose -l*h + v + 33 = 0, 5*h = -5*v + 2*v + d. What is the highest common factor of h and 6?
6
Let b(v) = 7*v + 10. Let s be b(-4). Let x = s + 20. Calculate the greatest common factor of 4 and x.
2
Suppose -4*t = 3*t - 105. Let h be ((-3)/((-18)/15))/(t/12). What is the highest common factor of 38 and h?
2
Let v be (28/(-12) - -3)*6. Suppose -6 = v*h - 6*h. Suppose -5*q + 2*x + 65 = 0, -4*x = -h*x. What is the highest common factor of 91 and q?
13
Suppose 5*s + 19 - 69 = -5*c, 3*s + 10 = c. Let f(v) = v - 5. Let o be f(7). Suppose o*l - 106 = 54. Calculate the highest common divisor of c and l.
10
Let k be (4/(-10))/(7/840*-6). Calculate the highest common factor of 20 and k.
4
Let h be 1/(-7)*(-454 - -27). What is the highest common factor of 793 and h?
61
Suppose 2*g - 3*g = -72. Suppose o + f = 1, 4*o - 43 = o + 5*f. Suppose 3*n = o*j - j - 231, 2*j + 5*n = 111. What is the greatest common divisor of j and g?
24
Let r(n) = n**2 + 2*n - 3. Suppose 0 = 2*s + 2*m - 8, -s + 4*m + m = 2. Let u be r(s). Let b = 61 + 23. What is the highest common divisor of u and b?
12
Let p = -7 + 6. Let q(t) = 58*t**3 - 2*t**2 - t. Let w be q(p). Let b = 219 + w. Calculate 